nd derivative of -w**5/20 + w**4/12 + 7*w**3/6 + 3*w**2 + 387*w - 1. Calculate h(-4).
58
Let v = 42 - 30. Suppose 0 = -3*x + 2*y + 62, -x + y + 9 = -v. Let d = 23 - x. Let s(z) = z**3 - 2*z**2 - 4*z + 3. Determine s(d).
0
Let n(u) = u**3 + 7*u**2 + 4*u - 4. Suppose a = -4*x + 3, -19 = 6*x - 8*x + 3*a. Let i be -2 - (0 - x*-4)/2. Give n(i).
8
Let s = -567 - -573. Let a(h) be the third derivative of h**6/120 - h**5/10 - h**4/24 + 7*h**3/6 + h**2. Give a(s).
1
Let c(x) = 3*x**3 + 41*x**2 + 27*x + 8. Let v be c(-13). Let b(a) = -a**3 - 6*a**2 - 4*a + 11. Determine b(v).
6
Let o(s) be the first derivative of s**2 - 4*s + 5. Let m be o(5). Suppose -3*j + h = -m*j + 8, 3*h = 5*j + 10. Let a(l) = 3*l**2 - 2*l + 1. What is a(j)?
2
Let i(m) be the first derivative of m**5/20 + m**4/3 + m**3/3 + m**2/2 + 7*m + 25. Let b(y) be the first derivative of i(y). What is b(-3)?
4
Let a = 26 - 20. Let k be a/(-3) - (-8)/2. Suppose q = k*v - 6, 19 = -4*q - q - v. Let d(n) = -3*n - 6. Give d(q).
6
Let z(t) be the second derivative of t**6/180 + 3*t**5/40 + t**4/6 + 3*t. Let o(l) be the third derivative of z(l). Let j = -1412 - -1406. Calculate o(j).
-15
Let b(z) = -z - 4. Let v(o) be the third derivative of -o**4/24 - 5*o**3/3 - 11*o**2. Let n be v(-6). What is b(n)?
0
Let r(u) = 51*u**2 + 1582 - 1585 - 48*u**2 + 13*u. Give r(-4).
-7
Let r(y) be the first derivative of -2*y**2 + 3*y**2 + 6 + 2*y - 3. Suppose -z - z + 3*i + 6 = 0, 3*z + 2*i = -17. Calculate r(z).
-4
Let q(u) be the third derivative of 0*u**4 + 14*u**2 + 0 + 0*u + 1/10*u**5 + 0*u**3. Calculate q(1).
6
Let y = 32 + -24. Let g(t) = -2*t + 16*t - y*t + 4 - 7*t. Calculate g(-3).
7
Let c be -2 + (-99)/9 + 13. Let l(v) be the second derivative of -v**3/6 - 3*v**2 + v. Determine l(c).
-6
Let f(m) = 22*m - 6*m - 15*m. Suppose 10 = 4*x - 10. Give f(x).
5
Let n(g) = -7*g**2 - 1 + g + 4*g + 6 + g + g**3. Let v(r) = -r - 5. Let u be v(-5). Let j = 6 - u. Determine n(j).
5
Suppose 8*o + 4 = 10*o. Suppose -o*c + 5*p = 7*p - 4, 5*c + 3*p = 10. Let y(f) = 5 - 3 + 1 - c + 2*f. Give y(-2).
-3
Let f(h) = -5*h**2 - 13*h + 5. Let d be f(-3). Let z(r) = 6*r - 1. Determine z(d).
-7
Let g(v) = -34*v**2 - 2*v - 3. Let y(k) = -104*k**2 - 6*k - 10. Let p(c) = 7*g(c) - 2*y(c). Calculate p(-1).
-29
Let c(b) = -b + 1. Let q be 1/((-1)/(-3))*2. Let m(v) = 12*v**2 - q - 2*v - 11*v**2 + 6*v. Let f(t) = 3*c(t) + m(t). Calculate f(-4).
9
Suppose 6*o - 2*o + 4 = -3*m, 0 = -3*m - 5*o - 8. Let z(v) be the second derivative of 2/3*v**3 - 3*v**2 + 1/20*v**5 - 3*v - 5/12*v**4 + 0. Determine z(m).
-6
Let o(s) = 9*s + 4. Let p(l) = 11*l + 5. Let q(m) = 7*o(m) - 6*p(m). Calculate q(-3).
7
Let m(f) = f**3 - f**2 + f - 14. Suppose 5*u - 8 = u. Let v be (-84)/(-63) + 26/(-6). Let l be (u - 2)/(v - -4). Give m(l).
-14
Let c(s) = -s**3 - 4 - 69*s**2 + 0*s**3 + 109*s**2 - 1 - 47*s**2 - 2*s. What is c(-4)?
-45
Let y(m) = -31*m**2 - m. Let h = 596 + -595. Give y(h).
-32
Let u(c) = 3*c**3 - 28*c**2 + 4*c + 44. Let i be u(9). Let j = 2 + 0. Let q(y) = j*y + 2*y + 9*y**2 - 1 - 5*y. What is q(i)?
9
Let f(b) = b**3 - 4*b**2 + b. Let c be 11*((-3 - -6) + -2). Let s(w) = -w**3 + 12*w**2 - 10*w + 6. Let q be s(c). Let h = 19 - q. What is f(h)?
-6
Let r(f) be the first derivative of 7*f**5/120 + f**4/12 - 8*f**3/3 - f**2/2 - 24. Let z(u) be the third derivative of r(u). What is z(-2)?
-12
Suppose 492*z + 11 = 493*z. Let w(h) = -h + 18. Give w(z).
7
Let h(o) = -o**3 - 4*o**2 - 3*o + 1. Suppose 4*y - 2 = -10, c + 11 = -4*y. Let p be h(c). Let n(t) = 14*t**3 + t**2. What is n(p)?
15
Let h(x) = x**2 - 9*x. Let c be (-24 - -33) + (-2)/2. What is h(c)?
-8
Let r = 461 + -458. Let f(l) be the third derivative of l**5/60 - l**4/12 + l**3/3 - 2*l**2. Give f(r).
5
Let j be (2*2/12)/(29/174). Let g(w) = -w**3 + 2*w**2 - 4*w + 4. Calculate g(j).
-4
Let c = 51 + -51. Suppose o + 18 - 1 = -5*k, c = o - k - 13. Let z(i) = i - 3. What is z(o)?
5
Let t(v) = 2*v**3 + 4*v**2 + 1. Let g(o) = -9*o**3 - 12*o**2 + 2*o - 4. Let y(d) = -g(d) - 4*t(d). Determine y(5).
15
Suppose 0 = -26*z + 28*z - 18. Suppose -z + 48 = 13*v. Let w(c) = c**3 - 5*c**2 + 5*c - 2. Determine w(v).
-5
Let s(y) be the first derivative of 8*y**3/3 - y**2/2 - 2. Let i be (-30)/(-66) - (-6)/11. Let c be s(i). Let w(v) = -v**2 + 8*v - 2. Give w(c).
5
Let u(b) = b**2 + 3*b + 4. Let m be u(-6). Suppose m = -i - 5*t, i + 2 = 4*t - 5*t. Let n(g) = -2*g**2 + 0*g**3 + g**3 - 4 + 9*g - 13*g + 3. Determine n(i).
-4
Let u = -269 + 280. Let z(c) = -2*c + 22. What is z(u)?
0
Let y = -2 - -6. Let s(o) = -19*o - 5*o**2 - 6 + o**3 - 16*o + 39*o. Give s(y).
-6
Suppose -4*g + 14 = -6. Let p(m) = -m**2 + m - 1. Let y(c) = -7*c**2 + 13*c - 10. Let h(j) = 6*p(j) - y(j). Give h(g).
-6
Let h(c) be the first derivative of -c**4/4 + 2*c**3/3 + 3*c**2/2 + 122. Calculate h(3).
0
Suppose -4*o + 34 = 4*k + 2, -3*o - k = -18. Let v(h) = 6*h - 7. Give v(o).
23
Let h be 2/(-6) + 20/(-3). Let y(d) = 8*d - 2035*d**2 + d**3 + 1 + 2029*d**2 - 2*d**3. Give y(h).
-6
Let w(k) = 6*k + 3 - k + 2*k + 7*k**2 + k**3. Let t(l) = -64*l**2 - 125*l. Let p be t(-2). Give w(p).
-3
Let h(r) = -r**2 - r + 7. Let u be (-2)/1*2 + -1. Calculate h(u).
-13
Let d(m) be the third derivative of m**4/24 - 5*m**3/6 + 63*m**2. What is d(-5)?
-10
Let a be -5 - 0*8/32. Let f(w) = -2*w. What is f(a)?
10
Let q(w) = -w**2 + 2*w - 1. Let x be q(3). Let z(n) be the third derivative of -n**5/60 - n**4/6 - n**3/6 - 157*n**2. What is z(x)?
-1
Let t(o) = 201*o + 6*o**2 - 1 - 202*o - 5*o**2. Calculate t(-1).
1
Let o(k) = 0 + 2 + 0 + k. Let r be -3 - 3/(3/(-7)). Suppose r*w + 10 = -10. Give o(w).
-3
Let g(p) = p**2 + 6*p + 4. Suppose -2*a + 0*a - 4*y - 62 = 0, 5*a + 164 = -y. Let s = a - -29. Give g(s).
-4
Suppose 53*w = 55*w + 2. Let l be (-22)/(-33) - w/3. Let h(j) = -7*j**2 + j - 1. Give h(l).
-7
Let h(b) = 9*b + b - 1 - 8*b. Let i = 16 - 28. Let v = i + 16. Give h(v).
7
Let d(i) = 2*i**2 + 3*i - 3. Let n(z) = -z**3 + 6*z**2 + z - 1. Let c be n(6). Suppose 2 + 13 = -c*g. What is d(g)?
6
Let a = 40 - 31. Let o be ((-72)/16)/(a/12). Let l(y) = -y**2 - 6*y + 4. Give l(o).
4
Let t(o) = -4*o**3 + 2*o**2 + 2*o + 1. Let n be t(-1). Let r(g) be the third derivative of g**6/120 - g**5/10 + 5*g**4/24 - 2*g**3/3 - 56*g**2. Calculate r(n).
-4
Let y(f) be the first derivative of -1 + 1/2*f**2 - f. Let m be 3*((-2)/8 + (-14)/(-24)). Determine y(m).
0
Let v = -1275 + 1278. Let h(u) be the third derivative of 1/3*u**4 - 1/6*u**v + 3*u**2 + 0 + 0*u. Calculate h(2).
15
Let k(o) = 2*o**3 + o**2 - 2*o - 1. Let n = -211 + 208. Determine k(n).
-40
Let c be -5*(0 + 8/10 + 0). Let r(i) = 30 + 5*i - 50 - 4*i + 24. Give r(c).
0
Let r(i) = -i**3 - 6*i**2 - i + 3. Let y be -3*(-2 + (-3 - 0)). Let c be (-93)/y + 2/10. What is r(c)?
9
Let w(p) = 2 - 14 - 4*p - 17. Let o be w(-8). Let n(a) = a**3 - 8*a**2 + a. Let r(i) = -i**3 + 9*i**2 - 1. Let s(k) = 5*n(k) + 4*r(k). What is s(o)?
2
Let g = -15 - -19. Let y(s) = s - 1. Let j(c) = 2*c. Let f(n) = -n**3 - n**2 - n. Let i be f(-1). Let m(v) = i*j(v) - 6*y(v). What is m(g)?
-10
Suppose 0 = 2*d - 4*d. Let y(s) = 1 + d*s - s + 5. Let w(b) = 24*b**2 + 139*b - 23. Let n be w(-6). Give y(n).
-1
Let l(t) = -7*t - 3. Let f(d) = -16*d - 6. Let y(a) = -6*f(a) + 14*l(a). Determine y(-6).
6
Let k(n) = n**2 - 7*n + 9. Let b(l) = 4*l - 10. Let r be b(4). Let o be k(r). Let a(x) = -o*x - 8 + 2*x - 3 + 4. Calculate a(0).
-7
Let g(s) = 1 + 28*s - 3 - 29*s. Let t(p) = -p - 3. Let w be t(5). Let h(j) = j + 1. Let b be h(w). What is g(b)?
5
Suppose -7 = b - 0*b - 3*c, 5*b - c - 21 = 0. Suppose -39 = 4*t - 0*v - 5*v, -27 = b*t + v. Let z(x) = x - 8. Calculate z(t).
-14
Let s(y) be the third derivative of -y**6/120 + 2*y**5/15 - 11*y**3/6 - 79*y**2. Give s(8).
-11
Let y be (-12)/(-7) + (-2)/(-7). Let k(b) = -5*b**3 + 6*b**2 - b. Let d(l) = -9*l**3 + 11*l**2 - 2*l. Let w(c) = 6*d(c) - 11*k(c). Determine w(y).
6
Let g be (-3)/(-6)*(2 + -22). Let t = 8 + g. Let u(p) = p**3 - p**2 - 3. Let j(n) = -n**3 + 2*n**2 - n + 3. Let y(s) = 3*j(s) + 4*u(s). Give y(t).
3
Let w = -15472 - -15476. Let b(g) be the first derivative of g**4/4 - 5*g**3/3 + 3*g**2/2 + 4*g + 1. What is b(w)?
0
Suppose 8 = -4*r, 0 = 5*w + 4*r + 63 - 25. Let g be (-4)/w*195/(-26). Let s(m) = -m**3 - 6*m**2 - 5*m - 6. Determ